e
Is 330413 a composite number?
False
Is 1727 a composite number?
True
Is 12853 composite?
False
Is 13379 prime?
False
Is 26141 composite?
False
Is 2437 prime?
True
Is 4969 prime?
True
Is 20993 a composite number?
True
Is 186241 composite?
True
Is 229339 a composite number?
True
Is 273491 a composite number?
True
Is 1801 a composite number?
False
Is 73181 prime?
True
Is 682667 composite?
True
Is 3312307 a composite number?
False
Is 2063 a composite number?
False
Is 60485 a composite number?
True
Is 2609 a prime number?
True
Is 458849 prime?
True
Is 563929 composite?
False
Is 331771 composite?
True
Is 113695 composite?
True
Is 45635 prime?
False
Is 1949 a composite number?
False
Is 13777 a composite number?
True
Is 10617 prime?
False
Is 528091 a prime number?
True
Is 50537 a composite number?
True
Is 1049 a prime number?
True
Is 307 a prime number?
True
Is 39017 a composite number?
True
Is 653027 prime?
False
Is 416663 a composite number?
True
Is 319666 prime?
False
Is 36247 prime?
False
Is 2571 composite?
True
Is 3593 composite?
False
Is 323507 a prime number?
True
Is 2479 a prime number?
False
Is 19583 composite?
False
Is 1878335 composite?
True
Is 256829 prime?
False
Is 46327 a composite number?
False
Is 50033 a composite number?
False
Is 458 a composite number?
True
Is 190549 composite?
True
Is 422923 composite?
False
Is 193637 a composite number?
True
Is 1371731 composite?
False
Is 12777 a composite number?
True
Is 2638223 composite?
True
Is 44519 a prime number?
True
Is 48793 a composite number?
True
Is 159 composite?
True
Is 222011 prime?
True
Is 477647 a prime number?
False
Is 10561 composite?
True
Is 3343 composite?
False
Is 5779 a prime number?
True
Is 1247143 prime?
False
Is 40889 composite?
True
Is 51607 composite?
False
Is 3949 a prime number?
False
Is 2467 prime?
True
Is 102413 prime?
False
Is 69047 a composite number?
True
Is 490342 composite?
True
Is 4007 composite?
False
Is 646669 a prime number?
True
Is 154571 prime?
True
Is 11131 a prime number?
True
Is 18623 a composite number?
True
Is 177 composite?
True
Is 9311 a composite number?
False
Is 204427 a prime number?
True
Is 307081 prime?
False
Is 2489 prime?
False
Is 113603 prime?
False
Is 152363 composite?
False
Is 63901 a prime number?
True
Is 77641 a prime number?
True
Is 937877 a prime number?
True
Is 643081 a composite number?
False
Is 34411 a composite number?
True
Is 4535 a composite number?
True
Is 93617 prime?
False
Is 10977 a composite number?
True
Is 57613 prime?
False
Is 28777 prime?
False
Is 459407 a prime number?
False
Is 7435 a prime number?
False
Is 21701 a prime number?
True
Is 21259 composite?
True
Is 793211 a composite number?
True
Is 13907 prime?
True
Is 44881 composite?
True
Is 1507438 a prime number?
False
Is 988253 a prime number?
False
Is 10589 composite?
False
Is 307079 a composite number?
False
Is 465287 a composite number?
True
Is 363541 composite?
False
Is 50627 prime?
True
Is 53231 composite?
False
Is 20543 prime?
True
Is 5615779 composite?
True
Is 21685 a composite number?
True
Is 1578451 a prime number?
False
Is 315937 a composite number?
False
Is 18985 a composite number?
True
Is 1604899 a prime number?
False
Is 1307909 prime?
True
Is 159287 composite?
False
Is 37679 a prime number?
False
Is 165583 prime?
False
Is 1750629 prime?
False
Is 99167 a prime number?
False
Is 233589 a prime number?
False
Is 126361 a prime number?
False
Is 596731 a prime number?
False
Is 70423 a prime number?
True
Is 56555 composite?
True
Is 12202 a prime number?
False
Is 1924879 prime?
False
Is 6389 prime?
True
Is 10639 a composite number?
False
Is 86453 a composite number?
False
Is 144931 a prime number?
True
Is 14689 composite?
True
Is 10037 a prime number?
True
Is 467351 a composite number?
True
Is 89963 a composite number?
False
Is 31817 a composite number?
False
Is 33149 prime?
True
Is 299087 a composite number?
False
Is 37273 prime?
True
Is 26669 a prime number?
True
Is 1847 prime?
True
Is 653083 a prime number?
True
Is 828622 composite?
True
Is 3761 prime?
True
Is 38837 composite?
True
Is 296407 prime?
False
Is 470779 a composite number?
False
Is 56359 prime?
True
Is 467749 a composite number?
False
Is 208433 composite?
False
Is 248231 a prime number?
True
Is 12373 prime?
True
Is 398045 prime?
False
Is 1751 a composite number?
True
Is 31543 composite?
False
Is 3199 a composite number?
True
Is 559985 composite?
True
Is 113473 composite?
True
Is 362137 a composite number?
False
Is 3109 a composite number?
False
Is 13751 composite?
False
Is 206407 composite?
False
Is 305011 a prime number?
False
Is 25229 prime?
True
Is 4061 a prime number?
False
Is 37171 prime?
True
Is 149 composite?
False
Is 76231 prime?
True
Is 357362 composite?
True
Is 416201 composite?
False
Is 125407 a composite number?
False
Is 1361357 a composite number?
False
Is 18041 a composite number?
False
Is 216377 prime?
False
Is 93673 prime?
False
Is 1639739 a prime number?
False
Is 1511 composite?
False
Is 34334 a composite number?
True
Is 571715 a composite number?
True
Is 8467 a prime number?
True
Is 3983 prime?
False
Is 261149 a prime number?
False
Is 35515 prime?
False
Is 737 composite?
True
Is 5581 a prime number?
True
Is 12827 prime?
False
Is 222553 a prime number?
True
Is 193981 composite?
True
Is 133069 prime?
True
Is 1457 a composite number?
True
Is 26357 prime?
True
Is 171823 a composite number?
False
Is 13099 a prime number?
True
Is 11269 a composite number?
True
Is 251099 a prime number?
True
Is 13291 a composite number?
False
Is 1393523 a composite number?
False
Is 16787 prime?
True
Is 126397 a prime number?
True
Is 7817 prime?
True
Is 10033 composite?
True
Is 31769 prime?
True
Is 1304803 a composite number?
False
Is 26141 a composite number?
False
Is 10091 prime?
True
Is 24607 composite?
True
Is 115849 a composite number?
False
Is 145767 a composite number?
True
Is 102629 a composite number?
True
Is 12037 a composite number?
False
Is 545761 composite?
True
Is 61057 prime?
True
Is 1561 composite?
True
Is 43889 composite?
False
Is 215893 a prime number?
True
Is 1379353 a prime number?
True
Is 602933 a prime number?
False
Is 1448647 a composite number?
True
Is 13271 a composite number?
True
Is 1050713 prime?
True
Is 58777 prime?
False
Is 161285 composite?
True
Is 284261 composite?
False
Is 563 a prime number?
True
Is 16805 composite?
True
Is 86737 a prime number?
False
Is 2111159 composite?
False
Is 77851 composite?
True
Is 93641 prime?
False
Is 6607 a composite number?
False
Is 12781 prime?
True
Is 405641 composite?
False
Is 475315 prime?
False
Is 610585 prime?
False
Is 11113 prime?
True
Is 111703 prime?
False
Is 443773 prime?
False
Is 22679 a prime number?
True
Is 7043 prime?
True
Is 158731 prime?
True
Is 1717 composite?
True
Is 78697 a composite number?
False
Is 2470919 prime?
False
Is 357421 a prime number?
True
Is 275557 a prime number?
False
Is 3891 a composite number?
True
Is 2449 composite?
True
Is 2540981 composite?
False
Is 66085 prime?
False
Is 2840999 prime?
False
Is 60191 a prime number?
False
Is 157519 composite?
False
Is 79889 prime?
True
Is 1105139 a prime number?
False
Is 54097 a composite number?
True
Is 26981 a composite number?
False
Is 2615 composite?
True
Is 21869 a prime number?
False
Is 2227495 a composite number?
True
Is 5077 a prime number?
True
Is 100781 composite?
True
Is 377317 prime?
False
Is 40265 composite?
True
Is 330887 composite?
False
Is 97693 a composite number?
True
Is 57557 a prime number?
True
Is 1157 prime?
False
Is 31463 a prime number?
False
Is 1262 a composite number?
True
Is 1391 a prime number?
False
Is 902081 a prime number?
False
Is 8147 a prime number?
True
Is 706094 composite?
True
Is 33457 a composite number?
False
Is 186427 prime?
False
Is 298293 composite?
True
Is 46229 a composite number?
False
Is 311 prime?
True
Is 68023 composite?
False
Is 4177 a prime number?
True
Is 180907 a prime number?
True
Is 2429 a prime number?
False
Is 2833 a composite number?
False
Is 35897 a composite number?
False
Is 238861 a prime number?
False
Is 4391 a prime number?
True
Is 109423 prime?
True
Is 53147 a prime number?
True
Is 602521 a composite number?
False
Is 16973 a composite number?
True
Is 9101 a composite number?
True
Is 553517 a composite num